{"id":1065,"date":"2020-12-28T09:15:42","date_gmt":"2020-12-28T09:15:42","guid":{"rendered":"https:\/\/sarah.az-theme.net\/?page_id=1065"},"modified":"2024-08-08T13:49:56","modified_gmt":"2024-08-08T13:49:56","slug":"about","status":"publish","type":"page","link":"https:\/\/www.amoraopormenor.pt\/?page_id=1065","title":{"rendered":"Sobre"},"content":{"rendered":"\n<p><strong>Ol\u00e1! Antes de mais, Bem Vindo&#8230;<\/strong><\/p>\n\n\n\n<p class=\"has-text-align-center\">Amor ao Pormenor \u00e9 uma empresa que se dedica a cria\u00e7\u00e3o de produtos para eventos, mais concretamente lembran\u00e7as e estacion\u00e1rio para eventos. Tornando-o ainda mais especial e memor\u00e1vel.<\/p>\n\n\n\n<p class=\"has-text-align-center\">O seu nome surgiu pela dedica\u00e7\u00e3o e amor que a Ana Rita, a criadora desta marca, coloca em cada trabalho e cria\u00e7\u00e3o. Quem a conhece sabe do seu gosto por trabalhos manuais e da sua criatividade a inovar.<\/p>\n\n\n\n<div class=\"wp-block-columns is-layout-flex wp-container-core-columns-is-layout-9d6595d7 wp-block-columns-is-layout-flex\">\n<div class=\"wp-block-column is-layout-flow wp-block-column-is-layout-flow\"><div class=\"wp-block-image\">\n<figure class=\"aligncenter size-full is-resized\"><img loading=\"lazy\" decoding=\"async\" width=\"635\" height=\"1355\" src=\"http:\/\/www.amoraopormenor.pt\/wp-content\/uploads\/2023\/04\/1676068073853.jpg\" alt=\"\" class=\"wp-image-418\" style=\"width:276px;height:auto\" srcset=\"https:\/\/www.amoraopormenor.pt\/wp-content\/uploads\/2023\/04\/1676068073853.jpg 635w, https:\/\/www.amoraopormenor.pt\/wp-content\/uploads\/2023\/04\/1676068073853-100x213.jpg 100w, https:\/\/www.amoraopormenor.pt\/wp-content\/uploads\/2023\/04\/1676068073853-141x300.jpg 141w, https:\/\/www.amoraopormenor.pt\/wp-content\/uploads\/2023\/04\/1676068073853-480x1024.jpg 480w, https:\/\/www.amoraopormenor.pt\/wp-content\/uploads\/2023\/04\/1676068073853-406x867.jpg 406w\" sizes=\"auto, (max-width: 635px) 100vw, 635px\" \/><\/figure>\n<\/div><\/div>\n<\/div>\n\n\n\n<p class=\"has-text-align-center\">Amor ao Pormenor tem como valor tornar um simples detalhe num elemento diferenciador, pois acreditamos que s\u00e3o os pequenos pormenores que tornam um momento importante, numa mem\u00f3ria para a vida\u2026<\/p>\n\n\n\n<p class=\"has-text-align-center\">Ana Rita tem 33 anos, \u00e9 licenciada em Gest\u00e3o Tur\u00edstica e Hoteleira, mas encontrou a sua paix\u00e3o pelo mundo dos eventos quando organizou e criou o estacion\u00e1rio para o seu casamento em 2018. Desde ent\u00e3o a ideia de cria\u00e7\u00e3o do seu neg\u00f3cio na \u00e1rea tem sido a sua maior vontade. Tendo conseguido em 2023 passar do papel para a pr\u00e1tica.<\/p>\n","protected":false},"excerpt":{"rendered":"<p>Ol\u00e1! Antes de mais, Bem Vindo&#8230; Amor ao Pormenor \u00e9 uma empresa que se dedica a cria\u00e7\u00e3o de produtos para eventos, mais concretamente lembran\u00e7as e estacion\u00e1rio para eventos. Tornando-o ainda mais especial e memor\u00e1vel. O seu nome surgiu pela dedica\u00e7\u00e3o e amor que a Ana Rita, a criadora desta marca, coloca em cada trabalho e [&hellip;]<\/p>\n","protected":false},"author":1,"featured_media":0,"parent":0,"menu_order":0,"comment_status":"closed","ping_status":"closed","template":"","meta":{"om_disable_all_campaigns":false,"_monsterinsights_skip_tracking":false,"_monsterinsights_sitenote_active":false,"_monsterinsights_sitenote_note":"","_monsterinsights_sitenote_category":0,"footnotes":""},"class_list":["post-1065","page","type-page","status-publish","hentry"],"aioseo_notices":[],"_links":{"self":[{"href":"https:\/\/www.amoraopormenor.pt\/index.php?rest_route=\/wp\/v2\/pages\/1065","targetHints":{"allow":["GET"]}}],"collection":[{"href":"https:\/\/www.amoraopormenor.pt\/index.php?rest_route=\/wp\/v2\/pages"}],"about":[{"href":"https:\/\/www.amoraopormenor.pt\/index.php?rest_route=\/wp\/v2\/types\/page"}],"author":[{"embeddable":true,"href":"https:\/\/www.amoraopormenor.pt\/index.php?rest_route=\/wp\/v2\/users\/1"}],"replies":[{"embeddable":true,"href":"https:\/\/www.amoraopormenor.pt\/index.php?rest_route=%2Fwp%2Fv2%2Fcomments&post=1065"}],"version-history":[{"count":26,"href":"https:\/\/www.amoraopormenor.pt\/index.php?rest_route=\/wp\/v2\/pages\/1065\/revisions"}],"predecessor-version":[{"id":2920,"href":"https:\/\/www.amoraopormenor.pt\/index.php?rest_route=\/wp\/v2\/pages\/1065\/revisions\/2920"}],"wp:attachment":[{"href":"https:\/\/www.amoraopormenor.pt\/index.php?rest_route=%2Fwp%2Fv2%2Fmedia&parent=1065"}],"curies":[{"name":"wp","href":"https:\/\/api.w.org\/{rel}","templated":true}]}}